{"id":10,"date":"2023-12-03T09:07:44","date_gmt":"2023-12-03T09:07:44","guid":{"rendered":"https:\/\/vasalindhe.se\/?page_id=10"},"modified":"2026-03-26T02:38:36","modified_gmt":"2026-03-26T02:38:36","slug":"medlemskap","status":"publish","type":"page","link":"https:\/\/vasalindhe.se\/?page_id=10","title":{"rendered":"Medlemskap"},"content":{"rendered":"<p>Hur man f\u00e5r tidningen? Medlemmar i f\u00f6reningen \u00e4r alla f\u00f6dda, adopterade eller ingifta i \u00e4ttelinjen fr\u00e5n <a href=\"https:\/\/www.facebook.com\/people\/Johan-Otto-Frans-Lindh%C3%A9-Sl%C3%A4ktgrupp\/100041813803849\/\">Johan Otto Frans Lindh\u00e9<\/a> och hans tre hustrur <a href=\"https:\/\/digitaltmuseum.se\/011014697471\/avfotograferad-tavla-forestallande-carolina-charlotta-krusell\">Carolina Krusell<\/a>, Sigrid Wulf och Sophia Blom.<\/p>\n<p>Aktiv medlem \u00e4r den som fyllt 18 \u00e5r och betalat \u00e5rsavgift eller bor hos f\u00f6r\u00e4ldrar som betalat \u00e5rsavgift (en avgift per adress). \u00c5rsavgiften \u00e4r 200 kr\/adress.<\/p>\n<p>Anm\u00e4l dig genom att betala \u00e5rsavgiften till sl\u00e4ktf\u00f6rening Lindh\u00e9, konto i SEB 5206 29 714 43 g\u00e4rna f\u00f6r tre \u00e5r i taget. Skriv NAMN eventuellt f\u00f6ljt av NY i meddelande. OBS! Mejla ocks\u00e5 att du har betalt och \u00e4ven ditt namn, adress, telefonnummer, e-postadress, f\u00f6delsedatum och eventuella barn och barnbarn med f\u00f6delsedatum till <a href=\"mailto:slaktforeningen.lindhe@gmail.com\">slaktforeningen.lindhe@gmail.com<\/a><\/p>\n<p>Adress\u00e4ndringar eller \u00e4ndrade familjef\u00f6rh\u00e5llanden mailas till <a href=\"mailto:slaktforeningen.lindhe@gmail.com\">slaktforeningen.lindhe@gmail.com<\/a><\/p>\n","protected":false},"excerpt":{"rendered":"<p>Hur man f\u00e5r tidningen? Medlemmar i f\u00f6reningen \u00e4r alla f\u00f6dda, adopterade eller ingifta i \u00e4ttelinjen fr\u00e5n Johan Otto Frans Lindh\u00e9 och hans tre hustrur Carolina Krusell, Sigrid Wulf och Sophia Blom. Aktiv medlem \u00e4r den som fyllt 18 \u00e5r och &hellip; <a href=\"https:\/\/vasalindhe.se\/?page_id=10\">Forts\u00e4tt l\u00e4sa <span class=\"meta-nav\">&rarr;<\/span><\/a><\/p>\n","protected":false},"author":1,"featured_media":0,"parent":0,"menu_order":0,"comment_status":"closed","ping_status":"closed","template":"","meta":{"footnotes":""},"class_list":["post-10","page","type-page","status-publish","hentry"],"_links":{"self":[{"href":"https:\/\/vasalindhe.se\/index.php?rest_route=\/wp\/v2\/pages\/10","targetHints":{"allow":["GET"]}}],"collection":[{"href":"https:\/\/vasalindhe.se\/index.php?rest_route=\/wp\/v2\/pages"}],"about":[{"href":"https:\/\/vasalindhe.se\/index.php?rest_route=\/wp\/v2\/types\/page"}],"author":[{"embeddable":true,"href":"https:\/\/vasalindhe.se\/index.php?rest_route=\/wp\/v2\/users\/1"}],"replies":[{"embeddable":true,"href":"https:\/\/vasalindhe.se\/index.php?rest_route=%2Fwp%2Fv2%2Fcomments&post=10"}],"version-history":[{"count":3,"href":"https:\/\/vasalindhe.se\/index.php?rest_route=\/wp\/v2\/pages\/10\/revisions"}],"predecessor-version":[{"id":639,"href":"https:\/\/vasalindhe.se\/index.php?rest_route=\/wp\/v2\/pages\/10\/revisions\/639"}],"wp:attachment":[{"href":"https:\/\/vasalindhe.se\/index.php?rest_route=%2Fwp%2Fv2%2Fmedia&parent=10"}],"curies":[{"name":"wp","href":"https:\/\/api.w.org\/{rel}","templated":true}]}}